-26
Let u(b) be the third derivative of b**6/720 + b**5/20 - 11*b**4/24 + b**2. Let n(r) be the second derivative of u(r). Suppose -5*x - 19 = 11. Calculate n(x).
0
Let z(t) = -t**3 + 32*t**2 - 46*t + 57. Let x(v) = v**2 + 2*v + 2. Let i(j) = -4*x(j) + z(j). Calculate i(26).
-3
Suppose -3*x + 0 = 3, 5*x + 8 = 3*o. Let r(g) = 3*g + 10. Let m be r(o). Let s(y) = y - 8. Determine s(m).
5
Let j = -3179 - -9538/3. Let l(h) be the second derivative of j*h**3 - 1/4*h**4 + 3/2*h**2 - 1/20*h**5 + 0 + 14*h. Determine l(-3).
-3
Let w(j) = -2*j + 10*j**2 - 14*j**2 - 3 + 6*j**2. Suppose 2*i = 3*v - 1, 0 = -3*i - 11*v + 7*v - 10. Give w(i).
9
Let t(m) = m + 15. Let z(y) = 12*y + 144. Let r be z(-19). Let u = 76 + r. Give t(u).
7
Suppose -18 = -5*u - 8. Suppose -o - 1 = -4*r, -u*o = -3*o + 2*r + 1. Let c(x) = -10*x - 3. Let i(s) = s + 1. Let d(f) = -c(f) - 6*i(f). Calculate d(o).
9
Let d(k) = -9*k**3 + k**2 - 8*k + 1. Let m(a) = -10*a**3 + a**2 - 9*a + 1. Let h(w) = 7*d(w) - 6*m(w). Suppose o - 4 = 0, f + 4*f - o - 1 = 0. Calculate h(f).
-3
Let o = 992 - 989. Let q(h) = 3*h**3 - 17*h**2 + 3*h - 20. Let m(s) = -4*s**3 + 17*s**2 - 4*s + 18. Let t(w) = o*q(w) + 2*m(w). What is t(17)?
-7
Let m(f) = 3*f - 7*f + 0*f - 5. Let o(x) = -2*x**3 + 95*x**2 + 63*x - 726. Let u be o(48). Give m(u).
19
Suppose -4*q - 3*f + 1 = 0, -2*q = -2*f + 152 - 128. Let x(w) = w**3 + 6*w**2 + 4*w - 8. Determine x(q).
-3
Let r(l) = 2*l**3 - 13*l**2 + 43. Let v be r(6). Let x(w) = w**3 - 3*w**2 - 9*w + 1. Give x(v).
134
Let x(r) = -2*r. Let j be (8/2)/((-1692)/(-210) - 8). Suppose 140*v - 130*v = -j. Give x(v).
14
Let w = 196 - 197. Let d(z) = 5*z - 5. Let o(u) = -u + 1. Let v(c) = w*d(c) - 6*o(c). What is v(-6)?
-7
Suppose 4*c = 5*c. Suppose -3*r - 3*r + 36 = c. Let h(f) be the third derivative of f**5/60 - f**4/3 + 3*f**3/2 + 62*f**2 + 5. Calculate h(r).
-3
Let x(r) = r - 4. Let f(i) be the first derivative of i**3/3 - 17*i**2/2 - 75*i - 52. Let j be f(21). Determine x(j).
5
Let t(y) = -y**3 - 10*y**2 - 8*y + 12. Let m be t(-9). Suppose 5*z = -15, -2*g - z = g - m. Let b(u) = -2 + 3*u - 2*u**3 - 3*u**2 - g + u**3. What is b(-3)?
-13
Suppose -5*i + 4*i = -2, -3*x + 8 = -5*i. Let w(t) = 22 - t + 4*t - x*t. Let o be w(6). Let n(u) = u**2 - 3*u - 5. Determine n(o).
-1
Let b(o) = 6*o**3 - 18*o**2 - 21*o + 14. Let s(c) = 7*c**3 - 20*c**2 - 23*c + 17. Let n(p) = 6*b(p) - 5*s(p). Calculate n(9).
-19
Suppose 4*j = 2*j - 8. Let n(u) be the first derivative of 1/3*u**3 + 4*u**2 - 4*u - 155. Give n(j).
-20
Let v(c) = c**2 - 6*c - 5. Let f = -7 + 1. Let o be (20/(-35))/(f/105). Let m be 3/15 - (-68)/o. Give v(m).
2
Let x(o) be the first derivative of 6*o**2 + 9 + 1/12*o**4 - 1/2*o**3 + 0*o. Let w(r) be the second derivative of x(r). Calculate w(-5).
-13
Let p(g) = g**3 - 16*g**2 - 12*g - 70. Let n(z) = -z**3 + 15*z**2 + 11*z + 65. Let h(o) = -12*n(o) - 11*p(o). Calculate h(6).
62
Let t(x) = x**3 - 6*x**2 + 2*x - 9. Suppose 0 = -0*y + 3*y + 3. Let z be y/8 + (-2301)/(-104). Suppose -7*m + 3*m + 18 = -3*r, -5*r + z = 2*m. Calculate t(m).
3
Let f(g) be the first derivative of -13/3*g**3 + 1/4*g**4 + 6*g**2 - 54 - 8*g. What is f(12)?
-8
Let b(f) = 14*f + 20. Let d(n) = -5*n - 7. Let h(z) = -6*b(z) - 17*d(z). Suppose 49*i = 42*i - 525. Let v be -3 - (-60)/21 - i/35. What is h(v)?
1
Let r(v) = v**2 + v. Let m be r(-2). Let i(o) = -3 - 1 + 3 - o**2 + 4*o + 1 - 3. Calculate i(m).
1
Let m(u) = -u**3 + 17*u**2 - 2*u + 36. Let s be m(17). Suppose 2*x - 4*z = 0, 24 = -s*x - 2*x + 2*z. Let t(r) = r**2 + 8*r + 6. What is t(x)?
6
Let l(j) be the first derivative of -j**5/60 + j**4/2 - j**3 + 201*j**2/2 - 182. Let m(w) be the second derivative of l(w). What is m(11)?
5
Let m(c) = 4*c + 5. Let h(v) = -5*v. Let n(f) = -f**2 - 29*f - 199. Let p be n(-11). Let i(g) = p*m(g) - h(g). Calculate i(-8).
-13
Let g(y) = 29 - 24 + 27 - 6*y - 367. Give g(-56).
1
Let t(h) = -h**3 - 4*h**2 + 2*h + 6. Suppose -4*q + 113 - 9 = -3*u, 5*u = -20. Suppose 0 = -j - p - 6, 14*j - 9*j = 2*p - q. What is t(j)?
21
Let q(t) be the second derivative of -t**5/60 + 5*t**4/24 - 25*t**2 - 58*t. Let o(w) be the first derivative of q(w). Suppose 25 = 5*a - 0*a. What is o(a)?
0
Suppose 0 = 6*g - 22 + 10. Suppose -2*m - 8 = 0, g*m = 5*z + 3*m + 14. Let y(q) be the third derivative of -q**5/15 + q**4/24 + q**3/3 - 13*q**2. What is y(z)?
-16
Let b(y) = 7*y - 1. Suppose -2*l - 2*c = 2 - 8, 0 = c + 2. Suppose -82*p = -87*p + l. Determine b(p).
6
Suppose -12*j = -9*j + 15. Let q(w) be the third derivative of -w**5/120 - w**3/3 - 44*w**2. Let b(z) be the first derivative of q(z). What is b(j)?
5
Let x(z) = -8593 - 2*z**2 + 4282 - z**3 + 2*z + 4310. Let b be (-16)/(-10) - 4/(-10). Determine x(b).
-13
Let h(w) = -60 + 37 + w + 30. Suppose -2*d - 6 - 2 = 0. Let b be h(d). Let m(i) = 2*i**2 - 4*i + 2. Calculate m(b).
8
Let k(c) = -c + 17. Let u(t) = -t**3 - 2*t**2 + 6*t + 135. Let o be u(0). Let p = o - 126. Determine k(p).
8
Let t(h) = 5*h + 22. Suppose r - 5*i - 17 = 0, -4*r + 0*r - 8 = -i. Let n be t(r). Let m(q) = q**2 - 9*q - 2. What is m(n)?
-16
Let g = -555 - -554. Let j(d) = d**3 + 2*d**2 - d - 5. Let h(a) = -a**3 + 2*a + 1. Let t(v) = g*j(v) - 2*h(v). Determine t(2).
-3
Suppose 3*z - 12 = 0, 22*y - 24*y - 5*z + 54 = 0. Let d(u) = -u + 1. What is d(y)?
-16
Let l(p) = 232*p**2 - 6*p - 3*p - 6*p + 231*p**2 - 34 - 467*p**2. Give l(-3).
-25
Let k = 24 + -20. Suppose 0 = -d + 4*d + 3*v - 1089, -1083 = -3*d - v. Let s(p) = 6*p - d + 360 - 3*p**2. Give s(k).
-24
Let s = 716 - 722. Let f be 62/s - 67/(-201). Let h(k) = k**2 + 13*k + 2. Calculate h(f).
-28
Let m(r) = -5*r**3 + 6*r**2 + 14*r + 48. Let w(f) = f**3. Let l(v) = m(v) + 6*w(v). Let n be l(-5). Let o(x) = x**3 - 5*x**2 + 4*x + 1. Give o(n).
-5
Let m(b) be the second derivative of -2*b**3/3 - 18*b**2 - 2*b + 5636. Determine m(-8).
-4
Let r(q) = 32*q + 305. Let c(f) = 17*f + 156. Let x(d) = 11*c(d) - 6*r(d). Give x(-24).
6
Let u(i) = 19 + 3*i - 8*i + 8 + 8 + 2*i**2 - 3*i**2. What is u(-11)?
-31
Let n(c) be the third derivative of -c**6/120 + c**5/3 - c**4/12 + 7*c**3 + 1697*c**2. What is n(20)?
2
Let p(w) = -w**3 + 176*w**2 - 182*w**2 + 2*w + 7588 - 7579. Let i be -12*((-2)/4)/(-1). Calculate p(i).
-3
Let b(i) = -10*i + 7*i - 40 + 13*i + 12*i - 3*i. What is b(10)?
150
Let b(k) = k**2 + 4*k. Let d(t) = -t**2 - 12*t + 2. Let c(x) = 6*b(x) + d(x). Let n(v) = -11*v**2 - 25*v - 4. Let g(s) = -13*c(s) - 6*n(s). Determine g(7).
5
Let u(d) be the second derivative of 3*d**3/2 - d**2/2 + 7*d - 552. Determine u(11).
98
Let u(h) be the first derivative of -14 - 7*h - 1/6*h**3 + 5/2*h**2. Let l(f) be the first derivative of u(f). What is l(0)?
5
Let a(y) be the first derivative of -y**4/4 + 25*y**3/3 - 23*y**2/2 - 30*y + 1809. What is a(24)?
-6
Let z(x) = 2*x**2 - 18*x + 2. Let b be ((-63)/15)/7 + (-129)/(-15). Give z(b).
-14
Let g(a) be the second derivative of 1 + 1/20*a**5 - 10*a + 1/3*a**3 + 5/6*a**4 + 11/2*a**2. What is g(-10)?
-9
Let z(s) be the third derivative of s**6/120 - s**5/60 - 3*s**4/8 - 2*s**3/3 - 4479*s**2 + s. What is z(-2)?
2
Suppose 318 = -28*m + 25*m. Let k = m + 107. Let v(j) = 8*j**3. Determine v(k).
8
Let r(i) be the first derivative of i**2/2 - 5*i + 1240. Let p = 9 + -15. Let x be 3/(-3) + p/2. What is r(x)?
-9
Let h(b) = 4*b - 7. Let x(o) = -8*o + 16. Suppose 24 - 3 = -3*k. Let v(u) = k*h(u) - 3*x(u). Give v(4).
-15
Let k(h) = h**3 - 3*h**2 + 3*h - 2. Suppose -20 = 2*u - 7*u + 5*i, 5*i = 2*u - 11. Calculate k(u).
7
Let x(v) = 1. Let z(d) = d - 3. Let j(n) = 2*x(n) + z(n). Let s be j(-2). Let f(p) = -3*p + 0*p**3 - 5*p**2 - 3*p**3 + 2*p**3 + 0*p**3 - 1. Calculate f(s).
-10
Let b(t) = -3*t**2 + 8*t - 6. Let o be (560/(-50) - -13)*(3 - (-12)/(-9)). Calculate b(o).
-9
Let n(k) = -k**2 + 16*k - 55. Let w be ((-320)/(-128))/(1/(3 + 1)). Let o be n(w). Let r(c) = c**3 - 4*c**2 - 2*c + 5. Determine r(o).
20
Let a = 22 + -11. Let k = a + -9. Let q(v) be the third derivative of -v**6/120 + v**5/20 - v**4/24 + v**3/6 + 354*v**2. What is q(k)?
3
Let f(m) = 8*m - 29. Suppose -4*q - 2*v = 53 - 23, 3*v = -2*q - 21. Give f(q).
-77
Let r(k) = -k**3 - 8*k**2 + 8*k + 2. Let v be r(-9). Suppose 5*g = 26 - v. Let b(q) = -g + 5*q + q - 2 - q**3 - 3*q**2 + 8. Give b(-4).
-5
Let q(b) be the first derivativ